{"id":234,"date":"2022-11-23T16:47:27","date_gmt":"2022-11-23T16:47:27","guid":{"rendered":"https:\/\/www.son.cz\/?page_id=234"},"modified":"2023-04-12T07:23:38","modified_gmt":"2023-04-12T07:23:38","slug":"clenska-sekce","status":"publish","type":"page","link":"https:\/\/www.son.cz\/?page_id=234","title":{"rendered":"\u010cLENSK\u00c1 SEKCE"},"content":{"rendered":"<p>[et_pb_section fb_built=&#8220;1&#8243; _builder_version=&#8220;4.19.0&#8243; _module_preset=&#8220;default&#8220; background_image=&#8220;http:\/\/www.son.cz\/wp-content\/uploads\/2022\/11\/SON-o.png&#8220; global_colors_info=&#8220;{}&#8220;][et_pb_row _builder_version=&#8220;4.19.2&#8243; _module_preset=&#8220;default&#8220; background_color=&#8220;#FFFFFF&#8220; max_width=&#8220;80%&#8220; border_radii=&#8220;on|4px|4px|4px|4px&#8220; border_width_all=&#8220;40px&#8220; border_color_all=&#8220;#FFFFFF&#8220; global_colors_info=&#8220;{}&#8220;][et_pb_column type=&#8220;4_4&#8243; _builder_version=&#8220;4.19.0&#8243; _module_preset=&#8220;default&#8220; global_colors_info=&#8220;{}&#8220;][et_pb_text _builder_version=&#8220;4.20.4&#8243; _module_preset=&#8220;default&#8220; header_2_font=&#8220;Lexend Deca|600|||||||&#8220; header_2_text_color=&#8220;#E02B20&#8243; header_2_font_size=&#8220;16px&#8220; header_3_font=&#8220;Lexend Deca|600|||||||&#8220; header_3_text_color=&#8220;#20407d&#8220; header_3_font_size=&#8220;42px&#8220; global_colors_info=&#8220;{}&#8220;]<\/p>\n<h2>REGISTROVAN\u00cd U\u017dIVATEL\u00c9<\/h2>\n<h3>Benefity pro registrovan\u00e9 u\u017eivatele<\/h3>\n<p>[\/et_pb_text][et_pb_text _builder_version=&#8220;4.20.4&#8243; _module_preset=&#8220;default&#8220; text_font=&#8220;Lexend Deca|300|||||||&#8220; text_font_size=&#8220;17px&#8220; global_colors_info=&#8220;{}&#8220;]<\/p>\n<p>Registrovan\u00fdm u\u017eivatelem se m\u016f\u017ee st\u00e1t ka\u017ed\u00e1 fyzick\u00e1 a pr\u00e1vnick\u00e1 osoba na z\u00e1klad\u011b podan\u00e9 p\u0159ihl\u00e1\u0161ky a zaplacen\u00ed registra\u010dn\u00edho p\u0159\u00edsp\u011bvku.<\/p>\n<p><strong><\/strong><\/p>\n<p><strong>Z\u00edsk\u00e1te \u0159adu zaj\u00edmav\u00fdch v\u00fdhod<\/strong><\/p>\n<ul>\n<li>Vstup do webov\u00e9ho port\u00e1lu pro registrovan\u00e9 u\u017eivatele.<\/li>\n<li>Vzorov\u00e9 dokumenty.<\/li>\n<li>P\u0159ednostn\u00ed term\u00edny konzultac\u00ed.<\/li>\n<li>Roz\u0161\u00ed\u0159en\u00e9 slu\u017eby s mo\u017enost\u00ed p\u00edsemn\u00fdch v\u00fdstup\u016f.<\/li>\n<li>Publikaci, Jak bydlet a podnikat v n\u00e1jmu.<\/li>\n<li>P\u0159\u00edstup k vybran\u00fdm soudn\u00edm rozhodnut\u00edm.<\/li>\n<\/ul>\n<p>Pokud m\u00e1te z\u00e1jem se st\u00e1t registrovan\u00fdm u\u017eivatelem port\u00e1lu son.cz kontaktujte n\u00e1s na tel. 733 604 828. nebo e-mailem na <span style=\"text-decoration: underline;\"><a href=\"mailto:info@son.cz\">info@son.cz<\/a><\/span><\/p>\n<p>[\/et_pb_text][\/et_pb_column][\/et_pb_row][\/et_pb_section][et_pb_section fb_built=&#8220;1&#8243; _builder_version=&#8220;4.19.2&#8243; _module_preset=&#8220;default&#8220; global_colors_info=&#8220;{}&#8220;][et_pb_row column_structure=&#8220;1_2,1_2&#8243; _builder_version=&#8220;4.19.2&#8243; _module_preset=&#8220;default&#8220; background_color=&#8220;#254463&#8243; max_width=&#8220;80%&#8220; custom_padding=&#8220;49px||50px|||&#8220; border_radii=&#8220;on|4px|4px|4px|4px&#8220; border_width_all=&#8220;40px&#8220; border_color_all=&#8220;#254463&#8243; global_colors_info=&#8220;{}&#8220;][et_pb_column type=&#8220;1_2&#8243; _builder_version=&#8220;4.19.2&#8243; _module_preset=&#8220;default&#8220; global_colors_info=&#8220;{}&#8220;][et_pb_text _builder_version=&#8220;4.19.2&#8243; _module_preset=&#8220;default&#8220; text_font=&#8220;Aleo||||||||&#8220; text_text_color=&#8220;#ffffff&#8220; text_font_size=&#8220;46px&#8220; module_alignment=&#8220;center&#8220; global_colors_info=&#8220;{}&#8220;]<\/p>\n<p>P\u0159ihl\u00e1\u0161en\u00ed<\/p>\n<p>[\/et_pb_text][\/et_pb_column][et_pb_column type=&#8220;1_2&#8243; _builder_version=&#8220;4.19.2&#8243; _module_preset=&#8220;default&#8220; global_colors_info=&#8220;{}&#8220;][et_pb_contact_form captcha=&#8220;off&#8220; submit_button_text=&#8220;P\u0159ihl\u00e1sit&#8220; _builder_version=&#8220;4.19.2&#8243; _module_preset=&#8220;default&#8220; _unique_id=&#8220;b3c792dd-2c5d-4d32-86b9-e81db72b4e75&#8243; form_field_font=&#8220;Lexend Deca|300|||||||&#8220; custom_button=&#8220;on&#8220; button_text_size=&#8220;17px&#8220; button_text_color=&#8220;#FFFFFF&#8220; button_bg_color=&#8220;#f9001d&#8220; button_border_width=&#8220;0px&#8220; button_border_radius=&#8220;4px&#8220; button_icon=&#8220;&#x24;||divi||400&#8243; button_on_hover=&#8220;off&#8220; button_custom_margin=&#8220;10px|||0px|false|false&#8220; button_custom_padding=&#8220;|40px||25px|false|false&#8220; width=&#8220;80%&#8220; max_width=&#8220;80%&#8220; module_alignment=&#8220;center&#8220; custom_margin=&#8220;0px|||-27px|false|false&#8220; global_colors_info=&#8220;{}&#8220;][et_pb_contact_field field_id=&#8220;name&#8220; field_title=&#8220;P\u0159ihla\u0161ovac\u00ed jm\u00e9no &#8220; fullwidth_field=&#8220;on&#8220; _builder_version=&#8220;4.19.2&#8243; _module_preset=&#8220;default&#8220; width=&#8220;100%&#8220; max_width=&#8220;100%&#8220; module_alignment=&#8220;center&#8220; border_radii=&#8220;on|4px|4px|4px|4px&#8220; global_colors_info=&#8220;{}&#8220;][\/et_pb_contact_field][et_pb_contact_field field_id=&#8220;heslo&#8220; field_title=&#8220;Heslo&#8220; fullwidth_field=&#8220;on&#8220; _builder_version=&#8220;4.19.2&#8243; _module_preset=&#8220;default&#8220; width=&#8220;100%&#8220; max_width=&#8220;100%&#8220; module_alignment=&#8220;center&#8220; border_radii=&#8220;on|4px|4px|4px|4px&#8220; global_colors_info=&#8220;{}&#8220;][\/et_pb_contact_field][\/et_pb_contact_form][\/et_pb_column][\/et_pb_row][\/et_pb_section]<\/p>\n","protected":false},"excerpt":{"rendered":"<p>REGISTROVAN\u00cd U\u017dIVATEL\u00c9 Benefity pro registrovan\u00e9 u\u017eivateleRegistrovan\u00fdm u\u017eivatelem se m\u016f\u017ee st\u00e1t ka\u017ed\u00e1 fyzick\u00e1 a pr\u00e1vnick\u00e1 osoba na z\u00e1klad\u011b podan\u00e9 p\u0159ihl\u00e1\u0161ky a zaplacen\u00ed registra\u010dn\u00edho p\u0159\u00edsp\u011bvku. Z\u00edsk\u00e1te \u0159adu zaj\u00edmav\u00fdch v\u00fdhod Vstup do webov\u00e9ho port\u00e1lu pro registrovan\u00e9 u\u017eivatele. Vzorov\u00e9 dokumenty. P\u0159ednostn\u00ed term\u00edny konzultac\u00ed. Roz\u0161\u00ed\u0159en\u00e9 slu\u017eby s mo\u017enost\u00ed p\u00edsemn\u00fdch v\u00fdstup\u016f. Publikaci, Jak bydlet a podnikat v n\u00e1jmu. P\u0159\u00edstup k vybran\u00fdm [&hellip;]<\/p>\n","protected":false},"author":1,"featured_media":0,"parent":0,"menu_order":0,"comment_status":"closed","ping_status":"closed","template":"","meta":{"_et_pb_use_builder":"on","_et_pb_old_content":"","_et_gb_content_width":"","inline_featured_image":false,"footnotes":""},"class_list":["post-234","page","type-page","status-publish","hentry"],"_links":{"self":[{"href":"https:\/\/www.son.cz\/index.php?rest_route=\/wp\/v2\/pages\/234","targetHints":{"allow":["GET"]}}],"collection":[{"href":"https:\/\/www.son.cz\/index.php?rest_route=\/wp\/v2\/pages"}],"about":[{"href":"https:\/\/www.son.cz\/index.php?rest_route=\/wp\/v2\/types\/page"}],"author":[{"embeddable":true,"href":"https:\/\/www.son.cz\/index.php?rest_route=\/wp\/v2\/users\/1"}],"replies":[{"embeddable":true,"href":"https:\/\/www.son.cz\/index.php?rest_route=%2Fwp%2Fv2%2Fcomments&post=234"}],"version-history":[{"count":13,"href":"https:\/\/www.son.cz\/index.php?rest_route=\/wp\/v2\/pages\/234\/revisions"}],"predecessor-version":[{"id":905,"href":"https:\/\/www.son.cz\/index.php?rest_route=\/wp\/v2\/pages\/234\/revisions\/905"}],"wp:attachment":[{"href":"https:\/\/www.son.cz\/index.php?rest_route=%2Fwp%2Fv2%2Fmedia&parent=234"}],"curies":[{"name":"wp","href":"https:\/\/api.w.org\/{rel}","templated":true}]}}